 25 and h.
25
Suppose -2*d = -0*d - 28. Suppose 8*t + 20 = 76. What is the greatest common divisor of t and d?
7
Suppose -3*d + f = -145, -f + 190 = 4*d + f. Let k = 11 + -3. Suppose 2*n - k = n. What is the highest common factor of n and d?
8
Let o be (-163)/(-1) + 4 - 2. What is the greatest common divisor of 15 and o?
15
Let h = 10 + -6. Suppose -4*a = -h*v - 460, 2*a + 235 = 4*a - v. Calculate the highest common factor of a and 48.
24
Let l = 64 - 34. Calculate the highest common factor of 45 and l.
15
Suppose 3*m + 3*b - 2*b + 39 = 0, -b - 3 = 0. Let f be (-3 + 2)/(1/m). What is the greatest common factor of f and 48?
12
Let x(d) = d**2 - 4*d - 3. Let a be x(5). Suppose 4*m = 5*n - 124, 5*n = -a*m - m + 117. Let u = 19 - 11. What is the greatest common divisor of u and n?
8
Let b(v) = 2*v**3 + v**2 - v. Let o be b(1). Calculate the highest common factor of o and 4.
2
Let m be ((-6)/(-3) + -2)/(-1). Let b = m - -4. Suppose -y + 225 = b*y. What is the highest common factor of y and 5?
5
Let t(d) = -33*d - 13. Let f be t(-4). What is the highest common divisor of f and 17?
17
Suppose 3*f + 7 = 4*x - 24, 3*f + 24 = -3*x. Let z be (30 - 3)/(f/(-6)). Calculate the highest common divisor of 2 and z.
2
Suppose 4*c - 5*r = -16, r + 3 = 2*c + 5. Let b be c/5 - 98/(-10). Calculate the highest common divisor of b and 10.
10
Let t(v) = v**2 + 10*v + 16. Let i be t(-11). Suppose -4*o = -5 - i. Calculate the greatest common divisor of o and 2.
2
Suppose 5*y + 3*g - 10 = 0, -2*y + 5*g - 2 = -6. Suppose 175 = y*u - u. What is the highest common factor of 25 and u?
25
Let f = 213 + -92. What is the greatest common divisor of 11 and f?
11
Let u(d) = -4*d + 28. Let q be u(-11). What is the greatest common divisor of 90 and q?
18
Let y = 22 + -19. Suppose -7*l + y*l + 152 = 0. Calculate the highest common divisor of l and 57.
19
Suppose -22 = -3*r - 10. What is the greatest common factor of r and 4?
4
Suppose -4*g + 6 + 10 = 0. Suppose 5*q - 10 = -5*k, 4*q - 24 = -2*k + 6*k. Suppose 4*t = 20 - q. What is the highest common divisor of g and t?
4
Suppose 0 = 5*u + 20, u - 4 = 4*y - 20. Let s(a) = -9*a - 4. Let f be s(y). Let o = 18 - f. What is the highest common divisor of o and 7?
7
Suppose -2*s - 2*r + 335 = 3*s, 0 = 4*s - r - 255. Calculate the greatest common factor of s and 13.
13
Let h be (-105)/6 + 3/6. Let a(l) = l**3 - 4*l**2 + 2. Let s be a(3). Let j = s - h. What is the highest common divisor of j and 5?
5
Suppose r + 15 = b - 2*r, -b + 4*r + 13 = 0. What is the greatest common divisor of b and 14?
7
Suppose -5*v + 12*v = 210. What is the highest common divisor of 75 and v?
15
Let q be ((-8)/(-10))/(2/35). Let j = -9 + q. What is the highest common factor of j and 15?
5
Let v = 82 - 22. What is the greatest common factor of v and 15?
15
Let q be (-4)/10 - (-3 + (-67)/5). Calculate the greatest common factor of q and 112.
16
Let m be (1/(-2))/((-2)/128). Let z be 0/1 - (2 + -2). Suppose 32 = 4*f - z*f. Calculate the highest common factor of m and f.
8
Let d = 31 + -18. Let z = -136 + 240. What is the highest common divisor of z and d?
13
Let j = -153 + 79. Let o be 150 + 1 - (3 - 1). Let u = o + j. Calculate the greatest common divisor of 30 and u.
15
Let t(u) = -u**3 + 5*u**2 + 4. Let n be t(5). Suppose n*r = -2*g, -4*g + 15 = r + 1. Suppose -g*l + 143 = -49. Calculate the greatest common factor of 6 and l.
6
Let g(h) = h**2 - 3*h + 8. Let i be g(4). Suppose 7*n = 4*n + 72. What is the greatest common divisor of i and n?
12
Let h = -253 + 435. What is the highest common factor of h and 14?
14
Suppose 0 = -2*g + 5*g - 9. What is the greatest common factor of g and 3?
3
Suppose 0 = -4*a - f + 157 + 399, -2*a + 2*f = -288. Suppose -a - 320 = -5*p. Let z = -41 + p. What is the highest common factor of z and 34?
17
Let l be 48/(-9)*(-4 - 5). Let p be 2/(-6) + 74/6. Calculate the highest common factor of p and l.
12
Suppose x + v + 2 = 3, 3*v = 2*x - 17. Suppose 2*g - x = 18. Calculate the highest common factor of 88 and g.
11
Let b be 28 + 2 - (1 + -4). What is the greatest common divisor of b and 11?
11
Let y = 160 + -90. What is the highest common divisor of 175 and y?
35
Let w = 34 - 33. Calculate the greatest common factor of w and 4.
1
Suppose -4*o = -o - 15. Suppose -3*u + o = -1. Calculate the greatest common divisor of u and 2.
2
Let s be (-9)/(-15) + (244/10 - 3). What is the highest common factor of 242 and s?
22
Let p be ((-3)/(-1))/((-9)/24). Let m be -20*(-2)/p*-3. What is the highest common divisor of m and 3?
3
Let n(q) = -q**3 + 12*q**2 - 7*q + 7. Let a be n(11). What is the highest common factor of a and 17?
17
Let w = 50 - 24. What is the highest common divisor of w and 117?
13
Suppose 0*d + 10 = -2*d. Let f be d/(-10)*(-94 - 0). Let p = f + 82. What is the greatest common divisor of 5 and p?
5
Suppose -p + 2*u + 3 = -12, -5*p + 36 = 3*u. What is the greatest common divisor of p and 270?
9
Suppose x - 1010 = -4*j, 3*j + 25 = 5*x + 771. Calculate the highest common factor of 12 and j.
12
Let t be (19/((-133)/(-144)))/(6/28). Calculate the greatest common divisor of t and 12.
12
Let m be (-176)/(-20)*15*1. Let d(x) = -3*x**3 - 2*x**2 + x - 2. Let p be d(-2). Calculate the highest common divisor of m and p.
12
Let k be (-6)/33 + (-5328)/(-22). Let l = -130 + k. What is the highest common divisor of 14 and l?
14
Let t(n) = n**3 + 8*n**2 - 10*n - 6. Let s be t(-9). Let k(q) = s*q - 2*q - 6 - 2 - 2*q. Let x be k(-13). Calculate the highest common divisor of 45 and x.
5
Let g = 53 - 37. What is the greatest common divisor of g and 2?
2
Suppose -4*l = -158 - 430. What is the greatest common factor of l and 21?
21
Let f be -2 + (-992)/(-4) + -3. What is the highest common factor of 27 and f?
27
Let o be ((-20)/(-8))/(-5)*-258. Let v = -83 + o. Calculate the greatest common divisor of 23 and v.
23
Let p(b) = b**3 - 19*b**2 + 5*b - 15. Let y be p(19). Suppose 4*z = -0*n + 3*n - 56, -2*n = -z - 39. What is the greatest common divisor of n and y?
20
Let b be (-45 - 0)*(-16)/20. What is the greatest common divisor of 90 and b?
18
Let g = 107 - 14. Suppose -v + g = 5*j + v, -4*v = 4. Let c = -2 + j. What is the highest common divisor of 187 and c?
17
Let m = -98 + 215. Suppose 0 = -2*v + 3*a + 3, 0 = 4*v - 3*v - 2*a. Let b(h) = -h**2 + 9*h - 5. Let q be b(v). Calculate the greatest common divisor of q and m.
13
Let p = -10 - -22. Suppose 263 = 3*f + 11. What is the greatest common factor of f and p?
12
Suppose -6 = 2*a, z - a + 1 = -3*a. Suppose z*r = 175 + 125. Calculate the greatest common factor of r and 12.
12
Suppose 0 = -3*y - 9 - 0, -3*y = -p + 11. Calculate the highest common factor of p and 22.
2
Suppose -q - 12 = 2*q, 2*l - 22 = 5*q. Let m be 7/2 - (-1)/(-2). Calculate the highest common factor of m and l.
1
Let c(s) = 12*s**2 - 2*s + 4. Let b be c(-6). Suppose -5*l + b = -l. Let i be 3*((-112)/(-6))/4. Calculate the greatest common factor of l and i.
14
Let n be 256/6 + 4/(-6). Let s = n - 23. Let d = -8 + s. Calculate the highest common factor of 55 and d.
11
Let m(k) = -3*k**3 + 2*k**2 - k - 2. Let d be m(2). Let i be (-1)/((d/(-56))/(-5)). What is the greatest common factor of 7 and i?
7
Let l = -87 + 143. What is the greatest common divisor of 32 and l?
8
Let f = 48 - 4. Let y be (20/(-70))/((-3)/42). Calculate the highest common factor of y and f.
4
Let v = 21 - 4. Let t be 87 + -2*4/4. What is the highest common factor of t and v?
17
Let j = -9 + 14. Let k be (-1)/4 + j/20. Suppose k = p - 3 - 3. What is the highest common factor of 30 and p?
6
Suppose -2*c + 4 = -0. Suppose 3*t = c*t + 42. Let q be (6/(-5))/((-1)/5). What is the highest common factor of q and t?
6
Let x be (-1 - -1)/(-2) + 8. Let h = x + -2. Calculate the greatest common factor of 2 and h.
2
Let z(h) = -4*h. Suppose -f - 3*f - 24 = 0. Let r be z(f). Calculate the greatest common divisor of r and 48.
24
Suppose 2*u = -b + 6, -2*b = 2*b + 4*u - 24. Let l = b - -1. Let p = -6 + l. Calculate the highest common factor of 1 and p.
1
Let x(f) = 11*f + 9. Let q be x(-6). Let b = 3 - q. What is the greatest common divisor of b and 12?
12
Suppose -2*q = -10 - 6. Let x = -23 + 24. Calculate the greatest common divisor of x and q.
1
Let b = 317 + -218. Calculate the highest